{"id":17,"date":"2024-02-06T12:40:38","date_gmt":"2024-02-06T12:40:38","guid":{"rendered":"https:\/\/alfafem.hu\/?page_id=17"},"modified":"2024-02-29T13:41:14","modified_gmt":"2024-02-29T13:41:14","slug":"termekeink","status":"publish","type":"page","link":"https:\/\/alfafem.hu\/index.php\/termekeink\/","title":{"rendered":"Term\u00e9keink"},"content":{"rendered":"\t\t<div data-elementor-type=\"wp-page\" data-elementor-id=\"17\" class=\"elementor elementor-17\" data-elementor-post-type=\"page\">\n\t\t\t\t<div class=\"elementor-element elementor-element-72b72b8 e-flex e-con-boxed e-con e-parent\" data-id=\"72b72b8\" data-element_type=\"container\" data-settings=\"{&quot;background_background&quot;:&quot;classic&quot;,&quot;background_motion_fx_motion_fx_scrolling&quot;:&quot;yes&quot;,&quot;background_motion_fx_scale_effect&quot;:&quot;yes&quot;,&quot;background_motion_fx_scale_speed&quot;:{&quot;unit&quot;:&quot;px&quot;,&quot;size&quot;:2,&quot;sizes&quot;:[]},&quot;background_motion_fx_scale_range&quot;:{&quot;unit&quot;:&quot;%&quot;,&quot;size&quot;:&quot;&quot;,&quot;sizes&quot;:{&quot;start&quot;:33,&quot;end&quot;:93}},&quot;background_motion_fx_scale_direction&quot;:&quot;out-in&quot;,&quot;background_motion_fx_devices&quot;:[&quot;desktop&quot;,&quot;tablet&quot;,&quot;mobile&quot;]}\">\n\t\t\t\t\t<div class=\"e-con-inner\">\n\t\t\t\t\t<\/div>\n\t\t\t\t<\/div>\n\t\t<div class=\"elementor-element elementor-element-ea53037 e-flex e-con-boxed e-con e-parent\" data-id=\"ea53037\" data-element_type=\"container\">\n\t\t\t\t\t<div class=\"e-con-inner\">\n\t\t<div class=\"elementor-element elementor-element-9037eb3 e-con-full e-flex e-con e-child\" data-id=\"9037eb3\" data-element_type=\"container\">\n\t\t\t\t<div class=\"elementor-element elementor-element-984a0c2 elementor-invisible elementor-widget elementor-widget-text-editor\" data-id=\"984a0c2\" data-element_type=\"widget\" data-settings=\"{&quot;_animation&quot;:&quot;fadeIn&quot;}\" data-widget_type=\"text-editor.default\">\n\t\t\t\t<div class=\"elementor-widget-container\">\n\t\t\t\t\t\t\t\t\t<p><span style=\"font-weight: 400;\">T\u00f6bb nagy c\u00e9gnek vagyunk besz\u00e1ll\u00edt\u00f3i. Ezen Vev\u0151knek jellemz\u0151en nagy sz\u00e9ri\u00e1ban k\u00e9sz\u00fcl\u0151 lemez alkatr\u00e9szeket gy\u00e1rtunk, k\u00e9sz term\u00e9kk\u00e9nt. Ezekben az esetekben a darabol\u00e1st\u00f3l a csomagol\u00e1sig mindent h\u00e1zon bel\u00fcl v\u00e9gz\u00fcnk, illetve bizonyos r\u00e9sz feladatokat, mint p\u00e9ld\u00e1ul a horganyoz\u00e1st, alv\u00e1llalkoz\u00f3k bevon\u00e1s\u00e1val oldjuk meg.<\/span><\/p><p><span style=\"font-weight: 400;\">De term\u00e9szetesen a kis megrendel\u0151ink is nagyon fontosak sz\u00e1munkra. Igyeksz\u00fcnk \u0151ket is r\u00f6vid hat\u00e1rid\u0151vel, \u00e9s t\u00f6k\u00e9letes min\u0151s\u00e9gben kiszolg\u00e1lni.<\/span><\/p><p><strong>Term\u00e9keink:<\/strong><\/p><ul><li>\u00c1gyvasalatok<\/li><li>Zsan\u00e9rok<\/li><li>K\u00f6z\u00fati jelz\u0151t\u00e1bl\u00e1k \u00e9s kieg\u00e9sz\u00edt\u0151k<\/li><\/ul>\t\t\t\t\t\t\t\t<\/div>\n\t\t\t\t<\/div>\n\t\t\t\t<\/div>\n\t\t<div class=\"elementor-element elementor-element-caedf09 e-con-full e-flex e-con e-child\" data-id=\"caedf09\" data-element_type=\"container\">\n\t\t\t\t<div class=\"elementor-element elementor-element-f559414 animated-slow elementor-invisible elementor-widget elementor-widget-image\" data-id=\"f559414\" data-element_type=\"widget\" data-settings=\"{&quot;_animation&quot;:&quot;fadeIn&quot;}\" data-widget_type=\"image.default\">\n\t\t\t\t<div class=\"elementor-widget-container\">\n\t\t\t\t\t\t\t\t\t\t\t\t\t\t\t<img fetchpriority=\"high\" decoding=\"async\" width=\"900\" height=\"601\" src=\"https:\/\/alfafem.hu\/wp-content\/uploads\/2024\/02\/worker-using-angle-grinder-1.jpg\" class=\"attachment-large size-large wp-image-315\" alt=\"alfaf\u00e9m hegesztes flexeles\" srcset=\"https:\/\/alfafem.hu\/wp-content\/uploads\/2024\/02\/worker-using-angle-grinder-1.jpg 1000w, https:\/\/alfafem.hu\/wp-content\/uploads\/2024\/02\/worker-using-angle-grinder-1-300x200.jpg 300w, https:\/\/alfafem.hu\/wp-content\/uploads\/2024\/02\/worker-using-angle-grinder-1-768x513.jpg 768w\" sizes=\"(max-width: 900px) 100vw, 900px\" \/>\t\t\t\t\t\t\t\t\t\t\t\t\t\t\t<\/div>\n\t\t\t\t<\/div>\n\t\t\t\t<\/div>\n\t\t\t\t\t<\/div>\n\t\t\t\t<\/div>\n\t\t\t\t<\/div>\n\t\t","protected":false},"excerpt":{"rendered":"<p>T\u00f6bb nagy c\u00e9gnek vagyunk besz\u00e1ll\u00edt\u00f3i. Ezen Vev\u0151knek jellemz\u0151en nagy sz\u00e9ri\u00e1ban k\u00e9sz\u00fcl\u0151 lemez alkatr\u00e9szeket gy\u00e1rtunk, k\u00e9sz term\u00e9kk\u00e9nt. Ezekben az esetekben a darabol\u00e1st\u00f3l a csomagol\u00e1sig mindent h\u00e1zon bel\u00fcl v\u00e9gz\u00fcnk, illetve bizonyos r\u00e9sz feladatokat, mint p\u00e9ld\u00e1ul a horganyoz\u00e1st, alv\u00e1llalkoz\u00f3k bevon\u00e1s\u00e1val oldjuk meg. De term\u00e9szetesen a kis megrendel\u0151ink is nagyon fontosak sz\u00e1munkra. Igyeksz\u00fcnk \u0151ket is r\u00f6vid hat\u00e1rid\u0151vel, \u00e9s t\u00f6k\u00e9letes &#8230; <a title=\"Term\u00e9keink\" class=\"read-more\" href=\"https:\/\/alfafem.hu\/index.php\/termekeink\/\" aria-label=\"Read more about Term\u00e9keink\">Olvass tov\u00e1bb<\/a><\/p>\n","protected":false},"author":1,"featured_media":0,"parent":0,"menu_order":0,"comment_status":"closed","ping_status":"closed","template":"","meta":{"footnotes":""},"class_list":["post-17","page","type-page","status-publish"],"yoast_head":"<!-- This site is optimized with the Yoast SEO Premium plugin v27.4 (Yoast SEO v27.4) - https:\/\/yoast.com\/product\/yoast-seo-premium-wordpress\/ -->\n<title>Term\u00e9keink - Alfaf\u00e9m<\/title>\n<meta name=\"description\" content=\"Term\u00e9keink - \u00c1gy-, racsnis-, g\u00e1zrug\u00f3s- vasalatokZsan\u00e9rok P\u00e1ntokB\u00fatorg\u00f6rg\u0151k, Kieg\u00e9sz\u00edt\u0151k, porfest\u00e9s, vagy horganyoz\u00e1s\" \/>\n<meta name=\"robots\" content=\"index, follow, max-snippet:-1, max-image-preview:large, max-video-preview:-1\" \/>\n<link rel=\"canonical\" href=\"https:\/\/alfafem.hu\/index.php\/termekeink\/\" \/>\n<meta property=\"og:locale\" content=\"hu_HU\" \/>\n<meta property=\"og:type\" content=\"article\" \/>\n<meta property=\"og:title\" content=\"Term\u00e9keink\" \/>\n<meta property=\"og:description\" content=\"Term\u00e9keink - \u00c1gy-, racsnis-, g\u00e1zrug\u00f3s- vasalatokZsan\u00e9rok P\u00e1ntokB\u00fatorg\u00f6rg\u0151k, Kieg\u00e9sz\u00edt\u0151k, porfest\u00e9s, vagy horganyoz\u00e1s\" \/>\n<meta property=\"og:url\" content=\"https:\/\/alfafem.hu\/index.php\/termekeink\/\" \/>\n<meta property=\"og:site_name\" content=\"Alfaf\u00e9m\" \/>\n<meta property=\"article:modified_time\" content=\"2024-02-29T13:41:14+00:00\" \/>\n<meta property=\"og:image\" content=\"https:\/\/alfafem.hu\/wp-content\/uploads\/2024\/02\/worker-using-angle-grinder-1.jpg\" \/>\n<meta name=\"twitter:card\" content=\"summary_large_image\" \/>\n<meta name=\"twitter:label1\" content=\"Becs\u00fclt olvas\u00e1si id\u0151\" \/>\n\t<meta name=\"twitter:data1\" content=\"1 perc\" \/>\n<script type=\"application\/ld+json\" class=\"yoast-schema-graph\">{\"@context\":\"https:\\\/\\\/schema.org\",\"@graph\":[{\"@type\":\"WebPage\",\"@id\":\"https:\\\/\\\/alfafem.hu\\\/index.php\\\/termekeink\\\/\",\"url\":\"https:\\\/\\\/alfafem.hu\\\/index.php\\\/termekeink\\\/\",\"name\":\"Term\u00e9keink - Alfaf\u00e9m\",\"isPartOf\":{\"@id\":\"https:\\\/\\\/alfafem.hu\\\/#website\"},\"primaryImageOfPage\":{\"@id\":\"https:\\\/\\\/alfafem.hu\\\/index.php\\\/termekeink\\\/#primaryimage\"},\"image\":{\"@id\":\"https:\\\/\\\/alfafem.hu\\\/index.php\\\/termekeink\\\/#primaryimage\"},\"thumbnailUrl\":\"https:\\\/\\\/alfafem.hu\\\/wp-content\\\/uploads\\\/2024\\\/02\\\/worker-using-angle-grinder-1.jpg\",\"datePublished\":\"2024-02-06T12:40:38+00:00\",\"dateModified\":\"2024-02-29T13:41:14+00:00\",\"description\":\"Term\u00e9keink - \u00c1gy-, racsnis-, g\u00e1zrug\u00f3s- vasalatokZsan\u00e9rok P\u00e1ntokB\u00fatorg\u00f6rg\u0151k, Kieg\u00e9sz\u00edt\u0151k, porfest\u00e9s, vagy horganyoz\u00e1s\",\"breadcrumb\":{\"@id\":\"https:\\\/\\\/alfafem.hu\\\/index.php\\\/termekeink\\\/#breadcrumb\"},\"inLanguage\":\"hu\",\"potentialAction\":[{\"@type\":\"ReadAction\",\"target\":[\"https:\\\/\\\/alfafem.hu\\\/index.php\\\/termekeink\\\/\"]}]},{\"@type\":\"ImageObject\",\"inLanguage\":\"hu\",\"@id\":\"https:\\\/\\\/alfafem.hu\\\/index.php\\\/termekeink\\\/#primaryimage\",\"url\":\"https:\\\/\\\/alfafem.hu\\\/wp-content\\\/uploads\\\/2024\\\/02\\\/worker-using-angle-grinder-1.jpg\",\"contentUrl\":\"https:\\\/\\\/alfafem.hu\\\/wp-content\\\/uploads\\\/2024\\\/02\\\/worker-using-angle-grinder-1.jpg\",\"width\":1000,\"height\":668,\"caption\":\"alfaf\u00e9m hegesztes flexeles\"},{\"@type\":\"BreadcrumbList\",\"@id\":\"https:\\\/\\\/alfafem.hu\\\/index.php\\\/termekeink\\\/#breadcrumb\",\"itemListElement\":[{\"@type\":\"ListItem\",\"position\":1,\"name\":\"Kezd\u0151lap\",\"item\":\"https:\\\/\\\/alfafem.hu\\\/\"},{\"@type\":\"ListItem\",\"position\":2,\"name\":\"Term\u00e9keink\"}]},{\"@type\":\"WebSite\",\"@id\":\"https:\\\/\\\/alfafem.hu\\\/#website\",\"url\":\"https:\\\/\\\/alfafem.hu\\\/\",\"name\":\"Alfaf\u00e9m\",\"description\":\"l\u00e9zerv\u00e1g\u00e1s, f\u00e9mt\u00f6megcikk gy\u00e1rt\u00e1s, szemcsesz\u00f3r\u00e1s, lemezmegmunk\u00e1l\u00e1s, hegeszt\u00e9s, CNC forg\u00e1csol\u00e1s \",\"publisher\":{\"@id\":\"https:\\\/\\\/alfafem.hu\\\/#organization\"},\"potentialAction\":[{\"@type\":\"SearchAction\",\"target\":{\"@type\":\"EntryPoint\",\"urlTemplate\":\"https:\\\/\\\/alfafem.hu\\\/?s={search_term_string}\"},\"query-input\":{\"@type\":\"PropertyValueSpecification\",\"valueRequired\":true,\"valueName\":\"search_term_string\"}}],\"inLanguage\":\"hu\"},{\"@type\":\"Organization\",\"@id\":\"https:\\\/\\\/alfafem.hu\\\/#organization\",\"name\":\"Alfaf\u00e9m\",\"url\":\"https:\\\/\\\/alfafem.hu\\\/\",\"logo\":{\"@type\":\"ImageObject\",\"inLanguage\":\"hu\",\"@id\":\"https:\\\/\\\/alfafem.hu\\\/#\\\/schema\\\/logo\\\/image\\\/\",\"url\":\"https:\\\/\\\/alfafem.hu\\\/wp-content\\\/uploads\\\/2024\\\/02\\\/Eszkoz-2@4x.png\",\"contentUrl\":\"https:\\\/\\\/alfafem.hu\\\/wp-content\\\/uploads\\\/2024\\\/02\\\/Eszkoz-2@4x.png\",\"width\":5536,\"height\":1174,\"caption\":\"Alfaf\u00e9m\"},\"image\":{\"@id\":\"https:\\\/\\\/alfafem.hu\\\/#\\\/schema\\\/logo\\\/image\\\/\"}}]}<\/script>\n<!-- \/ Yoast SEO Premium plugin. -->","yoast_head_json":{"title":"Term\u00e9keink - Alfaf\u00e9m","description":"Term\u00e9keink - \u00c1gy-, racsnis-, g\u00e1zrug\u00f3s- vasalatokZsan\u00e9rok P\u00e1ntokB\u00fatorg\u00f6rg\u0151k, Kieg\u00e9sz\u00edt\u0151k, porfest\u00e9s, vagy horganyoz\u00e1s","robots":{"index":"index","follow":"follow","max-snippet":"max-snippet:-1","max-image-preview":"max-image-preview:large","max-video-preview":"max-video-preview:-1"},"canonical":"https:\/\/alfafem.hu\/index.php\/termekeink\/","og_locale":"hu_HU","og_type":"article","og_title":"Term\u00e9keink","og_description":"Term\u00e9keink - \u00c1gy-, racsnis-, g\u00e1zrug\u00f3s- vasalatokZsan\u00e9rok P\u00e1ntokB\u00fatorg\u00f6rg\u0151k, Kieg\u00e9sz\u00edt\u0151k, porfest\u00e9s, vagy horganyoz\u00e1s","og_url":"https:\/\/alfafem.hu\/index.php\/termekeink\/","og_site_name":"Alfaf\u00e9m","article_modified_time":"2024-02-29T13:41:14+00:00","og_image":[{"url":"https:\/\/alfafem.hu\/wp-content\/uploads\/2024\/02\/worker-using-angle-grinder-1.jpg","type":"","width":"","height":""}],"twitter_card":"summary_large_image","twitter_misc":{"Becs\u00fclt olvas\u00e1si id\u0151":"1 perc"},"schema":{"@context":"https:\/\/schema.org","@graph":[{"@type":"WebPage","@id":"https:\/\/alfafem.hu\/index.php\/termekeink\/","url":"https:\/\/alfafem.hu\/index.php\/termekeink\/","name":"Term\u00e9keink - Alfaf\u00e9m","isPartOf":{"@id":"https:\/\/alfafem.hu\/#website"},"primaryImageOfPage":{"@id":"https:\/\/alfafem.hu\/index.php\/termekeink\/#primaryimage"},"image":{"@id":"https:\/\/alfafem.hu\/index.php\/termekeink\/#primaryimage"},"thumbnailUrl":"https:\/\/alfafem.hu\/wp-content\/uploads\/2024\/02\/worker-using-angle-grinder-1.jpg","datePublished":"2024-02-06T12:40:38+00:00","dateModified":"2024-02-29T13:41:14+00:00","description":"Term\u00e9keink - \u00c1gy-, racsnis-, g\u00e1zrug\u00f3s- vasalatokZsan\u00e9rok P\u00e1ntokB\u00fatorg\u00f6rg\u0151k, Kieg\u00e9sz\u00edt\u0151k, porfest\u00e9s, vagy horganyoz\u00e1s","breadcrumb":{"@id":"https:\/\/alfafem.hu\/index.php\/termekeink\/#breadcrumb"},"inLanguage":"hu","potentialAction":[{"@type":"ReadAction","target":["https:\/\/alfafem.hu\/index.php\/termekeink\/"]}]},{"@type":"ImageObject","inLanguage":"hu","@id":"https:\/\/alfafem.hu\/index.php\/termekeink\/#primaryimage","url":"https:\/\/alfafem.hu\/wp-content\/uploads\/2024\/02\/worker-using-angle-grinder-1.jpg","contentUrl":"https:\/\/alfafem.hu\/wp-content\/uploads\/2024\/02\/worker-using-angle-grinder-1.jpg","width":1000,"height":668,"caption":"alfaf\u00e9m hegesztes flexeles"},{"@type":"BreadcrumbList","@id":"https:\/\/alfafem.hu\/index.php\/termekeink\/#breadcrumb","itemListElement":[{"@type":"ListItem","position":1,"name":"Kezd\u0151lap","item":"https:\/\/alfafem.hu\/"},{"@type":"ListItem","position":2,"name":"Term\u00e9keink"}]},{"@type":"WebSite","@id":"https:\/\/alfafem.hu\/#website","url":"https:\/\/alfafem.hu\/","name":"Alfaf\u00e9m","description":"l\u00e9zerv\u00e1g\u00e1s, f\u00e9mt\u00f6megcikk gy\u00e1rt\u00e1s, szemcsesz\u00f3r\u00e1s, lemezmegmunk\u00e1l\u00e1s, hegeszt\u00e9s, CNC forg\u00e1csol\u00e1s ","publisher":{"@id":"https:\/\/alfafem.hu\/#organization"},"potentialAction":[{"@type":"SearchAction","target":{"@type":"EntryPoint","urlTemplate":"https:\/\/alfafem.hu\/?s={search_term_string}"},"query-input":{"@type":"PropertyValueSpecification","valueRequired":true,"valueName":"search_term_string"}}],"inLanguage":"hu"},{"@type":"Organization","@id":"https:\/\/alfafem.hu\/#organization","name":"Alfaf\u00e9m","url":"https:\/\/alfafem.hu\/","logo":{"@type":"ImageObject","inLanguage":"hu","@id":"https:\/\/alfafem.hu\/#\/schema\/logo\/image\/","url":"https:\/\/alfafem.hu\/wp-content\/uploads\/2024\/02\/Eszkoz-2@4x.png","contentUrl":"https:\/\/alfafem.hu\/wp-content\/uploads\/2024\/02\/Eszkoz-2@4x.png","width":5536,"height":1174,"caption":"Alfaf\u00e9m"},"image":{"@id":"https:\/\/alfafem.hu\/#\/schema\/logo\/image\/"}}]}},"lang":"hu","translations":{"hu":17},"pll_sync_post":[],"_links":{"self":[{"href":"https:\/\/alfafem.hu\/index.php\/wp-json\/wp\/v2\/pages\/17","targetHints":{"allow":["GET"]}}],"collection":[{"href":"https:\/\/alfafem.hu\/index.php\/wp-json\/wp\/v2\/pages"}],"about":[{"href":"https:\/\/alfafem.hu\/index.php\/wp-json\/wp\/v2\/types\/page"}],"author":[{"embeddable":true,"href":"https:\/\/alfafem.hu\/index.php\/wp-json\/wp\/v2\/users\/1"}],"replies":[{"embeddable":true,"href":"https:\/\/alfafem.hu\/index.php\/wp-json\/wp\/v2\/comments?post=17"}],"version-history":[{"count":6,"href":"https:\/\/alfafem.hu\/index.php\/wp-json\/wp\/v2\/pages\/17\/revisions"}],"predecessor-version":[{"id":521,"href":"https:\/\/alfafem.hu\/index.php\/wp-json\/wp\/v2\/pages\/17\/revisions\/521"}],"wp:attachment":[{"href":"https:\/\/alfafem.hu\/index.php\/wp-json\/wp\/v2\/media?parent=17"}],"curies":[{"name":"wp","href":"https:\/\/api.w.org\/{rel}","templated":true}]}}